{"id":17790,"date":"2022-08-02T14:49:38","date_gmt":"2022-08-02T14:49:38","guid":{"rendered":"https:\/\/ornekbaskurumsal.com\/?page_id=17790"},"modified":"2025-10-03T00:02:52","modified_gmt":"2025-10-03T00:02:52","slug":"hizmetlerimiz","status":"publish","type":"page","link":"https:\/\/ornekbaskurumsal.com\/?page_id=17790","title":{"rendered":"Hizmetlerimiz"},"content":{"rendered":"<p>\u00d6rnekba\u015f<\/p>\n<h1\n\t\t\t>\u00d6zel \u00d6l\u00e7\u00fc, Bizim Dokunu\u015fumuzla<\/h1>\n<p>Her ya\u015fam alan\u0131 kendine \u00f6zeldir. Biz de \u00f6l\u00e7\u00fcye uygun, ki\u015fiselle\u015ftirilmi\u015f \u00e7\u00f6z\u00fcmlerle evinizi ya da i\u015f yerinizi hayal etti\u011finiz estetik ve konfora kavu\u015fturuyoruz. Modern tasar\u0131m anlay\u0131\u015f\u0131m\u0131z ve kaliteli i\u015f\u00e7ili\u011fimizle, mek\u00e2nlar\u0131n\u0131za kal\u0131c\u0131 de\u011fer kat\u0131yoruz.<\/p>\n<h4>\u00d6zel Tasar\u0131m &amp; Dikim<\/h4>\n<p>\u0130htiyac\u0131n\u0131za ve mek\u00e2n\u0131n\u0131za g\u00f6re tamamen ki\u015fiselle\u015ftirilmi\u015f perde, hal\u0131 ve kuma\u015f \u00e7\u00f6z\u00fcmleri.<\/p>\n<h4>K\u0131saltma &amp; Uyumland\u0131rma<\/h4>\n<p>Mevcut \u00fcr\u00fcnlerinizde \u00f6l\u00e7\u00fc ayarlamalar\u0131 ve pratik tadilat hizmetleri.<\/p>\n<h4>Ev Tekstili<\/h4>\n<p>Perdeden hal\u0131ya, d\u00f6\u015femelik kuma\u015ftan dekoratif detaylara kadar geni\u015f \u00fcr\u00fcn yelpazesi.<\/p>\n<h4>Onar\u0131m &amp; Bak\u0131m<\/h4>\n<p>\u00dcr\u00fcnlerinizin uzun \u00f6m\u00fcrl\u00fc olmas\u0131 i\u00e7in profesyonel bak\u0131m ve tamir deste\u011fi.<!-- \/.sc_icons --><br \/>\n\t\t\t\t01.<\/p>\n<h6><a href=\"https:\/\/ornekbaskurumsal.com\/perde-cesitleri\/\">Perde \u00c7e\u015fitleri<\/a><\/h6>\n<p>                    <a href=\"https:\/\/ornekbaskurumsal.com\/perde-cesitleri\/\"><br \/>\n                        Read More<br \/>\n                    <\/a><br \/>\n                    <a href=\"https:\/\/ornekbaskurumsal.com\/perde-cesitleri\/\"><\/a><br \/>\n\t\t\t\t02.<\/p>\n<h6><a href=\"https:\/\/ornekbaskurumsal.com\/halilar\/\">Hal\u0131lar<\/a><\/h6>\n<p>                    <a href=\"https:\/\/ornekbaskurumsal.com\/halilar\/\"><br \/>\n                        Read More<br \/>\n                    <\/a><br \/>\n                    <a href=\"https:\/\/ornekbaskurumsal.com\/halilar\/\"><\/a><br \/>\n\t\t\t\t03.<\/p>\n<h6><a href=\"https:\/\/ornekbaskurumsal.com\/dosemelik-kumaslar\/\">D\u00f6\u015femelik Kuma\u015flar<\/a><\/h6>\n<p>                    <a href=\"https:\/\/ornekbaskurumsal.com\/dosemelik-kumaslar\/\"><br \/>\n                        Read More<br \/>\n                    <\/a><br \/>\n                    <a href=\"https:\/\/ornekbaskurumsal.com\/dosemelik-kumaslar\/\"><\/a><br \/>\n\t\t\t\t04.<\/p>\n<h6><a href=\"https:\/\/ornekbaskurumsal.com\/kurumsal-proje-cozumleri\/\">Kurumsal &#038; Proje \u00c7\u00f6z\u00fcmleri<\/a><\/h6>\n<p>                    <a href=\"https:\/\/ornekbaskurumsal.com\/kurumsal-proje-cozumleri\/\"><br \/>\n                        Read More<br \/>\n                    <\/a><br \/>\n                    <a href=\"https:\/\/ornekbaskurumsal.com\/kurumsal-proje-cozumleri\/\"><\/a><br \/>\n\t\t\t\t\t\u00d6rnekba\u015f<\/p>\n<h1\n\t\t\t>Zeminleri Stil ile Donat\u0131n<\/h1>\n<p>Ev ve i\u015f alanlar\u0131n\u0131z\u0131n her k\u00f6\u015fesine \u015f\u0131kl\u0131k ve konfor katacak modern hal\u0131 koleksiyonumuzu ke\u015ffedin. Kaliteli dokular ve dayan\u0131kl\u0131 malzemelerle ya\u015fam alanlar\u0131n\u0131za s\u0131cakl\u0131k ve karakter kazand\u0131r\u0131n.<\/p>\n<ul>\n<li><strong data-start=\"332\" data-end=\"359\">Duvardan Duvara Hal\u0131lar<\/strong> \u2013 Geni\u015f alanlar i\u00e7in estetik ve fonksiyonel \u00e7\u00f6z\u00fcm.<\/li>\n<li><strong data-start=\"415\" data-end=\"431\">Karo Hal\u0131lar<\/strong> \u2013 Mod\u00fcler ve pratik, kolay bak\u0131m imk\u00e2n\u0131.<\/li>\n<li><strong data-start=\"477\" data-end=\"498\">El Dokuma Hal\u0131lar<\/strong> \u2013 Geleneksel i\u015f\u00e7ilikle haz\u0131rlanm\u0131\u015f, sanatsal koleksiyon \u00fcr\u00fcnleri.<\/li>\n<\/ul>\n<p>\t\t\t\t\t<a href=\"https:\/\/ornekbaskurumsal.com\/iletisim\/\" >\u0130leti\u015fim<\/a><br \/>\n\t\t\t\t\tWhat We Offer<\/p>\n<h1\n\t\t\t>\u00d6l\u00e7\u00fcye \u00f6zel geni\u015f hal\u0131 koleksiyonumuz, evin ve ofisinizin her k\u00f6\u015fesine \u015f\u0131kl\u0131k<br \/>\n<\/h1>\n<p style=\"text-align: center;\"><a href=\"https:\/\/ornekbaskurumsal.com\/iletisim\/\">Daha Fazlas\u0131<\/a><\/p>\n<h2\n\t\t\t>Yeni Koleksiyonlardan<br \/>\nHaberdar Ol<\/h2>\n<p>\t\t<br \/>\n\t\t\t\t\t\u00d6ne \u00e7\u0131kan kategoriler\t\t\t\t<\/p>\n<h4>Jaluzi Sistemleri<\/h4>\n<p>\t\t\t\t<img loading=\"lazy\" width=\"435\" height=\"543\" src=\"https:\/\/ornekbaskurumsal.com\/wp-content\/uploads\/2022\/08\/70_1-3-min.jpg\" alt=\"\" decoding=\"async\" srcset=\"https:\/\/ornekbaskurumsal.com\/wp-content\/uploads\/2022\/08\/70_1-3-min.jpg 435w, https:\/\/ornekbaskurumsal.com\/wp-content\/uploads\/2022\/08\/70_1-3-min-240x300.jpg 240w, https:\/\/ornekbaskurumsal.com\/wp-content\/uploads\/2022\/08\/70_1-3-min-370x462.jpg 370w, https:\/\/ornekbaskurumsal.com\/wp-content\/uploads\/2022\/08\/70_1-3-min-410x512.jpg 410w\" sizes=\"(max-width: 600px) 100vw, 435px\" \/><br \/>\n\t\t\t\t\t\t\t\t\t<a href=\"javascript:void(0)\"  aria-hidden=\"true\"><\/a><\/p>\n<h4>Dikey Perde<\/h4>\n<p>\t\t\t\t<img loading=\"lazy\" width=\"890\" height=\"664\" src=\"https:\/\/ornekbaskurumsal.com\/wp-content\/uploads\/2022\/08\/service-image12-890x664.jpg\" alt=\"\" decoding=\"async\" \/><br \/>\n\t\t\t\t\t\t\t\t\t<a href=\"javascript:void(0)\"  aria-hidden=\"true\"><\/a><\/p>\n<h4>Stor Perde<\/h4>\n<p>\t\t\t\t<img loading=\"lazy\" width=\"890\" height=\"664\" src=\"https:\/\/ornekbaskurumsal.com\/wp-content\/uploads\/2022\/08\/service-image10-890x664.jpg\" alt=\"\" decoding=\"async\" \/><br \/>\n\t\t\t\t\t\t\t\t\t<a href=\"javascript:void(0)\"  aria-hidden=\"true\"><\/a><\/p>\n<h4>Fon Kuma\u015f<\/h4>\n<p>\t\t\t\t<img loading=\"lazy\" width=\"890\" height=\"664\" src=\"https:\/\/ornekbaskurumsal.com\/wp-content\/uploads\/2022\/08\/interior-of-luxury-banquet-hall-decorated-with-red-2025-03-08-20-48-20-utc-890x664.jpg\" alt=\"\" decoding=\"async\" \/><br \/>\n\t\t\t\t\t\t\t\t\t<a href=\"javascript:void(0)\"  aria-hidden=\"true\"><\/a><\/p>\n","protected":false},"excerpt":{"rendered":"<p>\u00d6rnekba\u015f \u00d6zel \u00d6l\u00e7\u00fc, Bizim Dokunu\u015fumuzla Her ya\u015fam alan\u0131 kendine \u00f6zeldir. Biz de \u00f6l\u00e7\u00fcye uygun, ki\u015fiselle\u015ftirilmi\u015f \u00e7\u00f6z\u00fcmlerle evinizi ya da i\u015f yerinizi hayal etti\u011finiz estetik ve konfora kavu\u015fturuyoruz. Modern tasar\u0131m anlay\u0131\u015f\u0131m\u0131z ve kaliteli i\u015f\u00e7ili\u011fimizle, mek\u00e2nlar\u0131n\u0131za kal\u0131c\u0131 de\u011fer kat\u0131yoruz. \u00d6zel Tasar\u0131m &amp; Dikim \u0130htiyac\u0131n\u0131za ve mek\u00e2n\u0131n\u0131za g\u00f6re tamamen ki\u015fiselle\u015ftirilmi\u015f perde, hal\u0131 ve kuma\u015f \u00e7\u00f6z\u00fcmleri. K\u0131saltma &amp; Uyumland\u0131rma [&hellip;]<\/p>\n","protected":false},"author":1,"featured_media":0,"parent":0,"menu_order":0,"comment_status":"closed","ping_status":"closed","template":"","meta":{"saved_in_kubio":false,"footnotes":""},"class_list":["post-17790","page","type-page","status-publish","hentry"],"kubio_ai_page_context":{"short_desc":"","purpose":"general"},"_links":{"self":[{"href":"https:\/\/ornekbaskurumsal.com\/index.php?rest_route=\/wp\/v2\/pages\/17790","targetHints":{"allow":["GET"]}}],"collection":[{"href":"https:\/\/ornekbaskurumsal.com\/index.php?rest_route=\/wp\/v2\/pages"}],"about":[{"href":"https:\/\/ornekbaskurumsal.com\/index.php?rest_route=\/wp\/v2\/types\/page"}],"author":[{"embeddable":true,"href":"https:\/\/ornekbaskurumsal.com\/index.php?rest_route=\/wp\/v2\/users\/1"}],"replies":[{"embeddable":true,"href":"https:\/\/ornekbaskurumsal.com\/index.php?rest_route=%2Fwp%2Fv2%2Fcomments&post=17790"}],"version-history":[{"count":10,"href":"https:\/\/ornekbaskurumsal.com\/index.php?rest_route=\/wp\/v2\/pages\/17790\/revisions"}],"predecessor-version":[{"id":20314,"href":"https:\/\/ornekbaskurumsal.com\/index.php?rest_route=\/wp\/v2\/pages\/17790\/revisions\/20314"}],"wp:attachment":[{"href":"https:\/\/ornekbaskurumsal.com\/index.php?rest_route=%2Fwp%2Fv2%2Fmedia&parent=17790"}],"curies":[{"name":"wp","href":"https:\/\/api.w.org\/{rel}","templated":true}]}}